00?
100101001101100000011110
In base 11, what is 1a452a00 + 9?
1a452a09
In base 11, what is 589a4 + 372?
59266
In base 2, what is 1010011011000111 - 11100001?
1010010111100110
In base 8, what is 2244 + 3473?
5737
In base 14, what is -13b0 - -13777?
123a7
In base 11, what is -1238a27 - 1?
-1238a28
In base 14, what is 19c8b + -281?
19a0a
In base 14, what is -d8092b9 - -3?
-d8092b6
In base 9, what is 1677 - 1110836?
-1108148
In base 12, what is 4917 - -69b7?
b712
In base 13, what is -1 + 14024b?
14024a
In base 9, what is 12282 - -1788?
14181
In base 7, what is 35660313 - 454?
35656526
In base 6, what is 53153 + -105?
53044
In base 16, what is -9eacb3 - 0?
-9eacb3
In base 10, what is -292218 + -30?
-292248
In base 13, what is -10 + 3c84?
3c74
In base 8, what is -1 - -267653613?
267653612
In base 3, what is -122201 + 10210201000?
10210001022
In base 3, what is -1 + -11212110020021?
-11212110020022
In base 2, what is 111101011101000001 - -110101010?
111101100011101011
In base 11, what is 3 + -462550a7?
-462550a4
In base 5, what is -220124310214 + 4?
-220124310210
In base 16, what is -25ef - 2d3?
-28c2
In base 15, what is -122 + -964a?
-976c
In base 6, what is -4542025 + -44?
-4542113
In base 16, what is -67 + 565e91?
565e2a
In base 9, what is -824374 + -320?
-824704
In base 15, what is 10321 - -39?
1035a
In base 4, what is 10322112 + 23133130?
100121302
In base 14, what is 31a7091 - 4?
31a708b
In base 13, what is -3826 + 9660?
5b37
In base 9, what is -2 + -53676653?
-53676655
In base 16, what is 1ea6b3 - -4?
1ea6b7
In base 16, what is -3ce - b58?
-f26
In base 13, what is 591 - 6baa?
-6619
In base 16, what is 7ac9 + 1122?
8beb
In base 13, what is -8 - -c78543?
c78538
In base 15, what is -1c + 815508?
8154db
In base 6, what is -50545 + 11004?
-35541
In base 12, what is 3 - b23a59?
-b23a56
In base 13, what is -568 + -ba7?
-1442
In base 15, what is 12d + -4e725?
-4e5e7
In base 15, what is 8dc4402 - 2?
8dc4400
In base 13, what is -335 - 15b3?
-1918
In base 9, what is -322236 + -45?
-322282
In base 8, what is 246173756 - -4?
246173762
In base 6, what is -150 - -4325?
4135
In base 13, what is -24883c3 - -3?
-24883c0
In base 4, what is 10221030311232 - 0?
10221030311232
In base 13, what is 3cc7 - 15b9?
270b
In base 7, what is -5 + 1443432554?
1443432546
In base 10, what is 777686 - -450?
778136
In base 15, what is 108a + -3498?
-240d
In base 9, what is -2 - -42403800?
42403787
In base 7, what is 5552 + 361116?
400001
In base 12, what is -438564 + -2?
-438566
In base 16, what is -51d2dc + 2?
-51d2da
In base 3, what is -20002002 + 221122012?
201120010
In base 4, what is -3 + 11231001332?
11231001323
In base 16, what is -c559e - 9?
-c55a7
In base 13, what is 1795 - 12cc?
496
In base 8, what is 0 - -3431561?
3431561
In base 10, what is -1691526 - -4?
-1691522
In base 14, what is 3a84c7c0 - -5?
3a84c7c5
In base 6, what is -122343324454 - 3?
-122343324501
In base 14, what is 734 - -1467c?
14db2
In base 7, what is -1106355 + 65?
-1106260
In base 15, what is 899697a + -3?
8996977
In base 8, what is 10065 - 114031?
-103744
In base 6, what is -4244434422 + 11?
-4244434411
In base 7, what is -4426105646 - -5?
-4426105641
In base 15, what is 1796c + 10?
1797c
In base 2, what is -11001111100 + 111101100111001?
111010010111101
In base 12, what is 0 - -3613bbb?
3613bbb
In base 5, what is 13 + -3302002?
-3301434
In base 6, what is -21132034 - -12?
-21132022
In base 9, what is -1 + 686465407?
686465406
In base 4, what is 10 + 11112312321223?
11112312321233
In base 11, what is -11 - -24a75820?
24a7580a
In base 13, what is -4aba5104 + 5?
-4aba50cc
In base 3, what is -11020110020010 + -10?
-11020110020020
In base 5, what is -33112024223 - 2?
-33112024230
In base 13, what is -4437 - -4b6?
-3c51
In base 16, what is 111847 - -2?
111849
In base 3, what is -11210121 - -1001201?
-10201220
In base 3, what is -101020011210220 + -10?
-101020011211000
In base 8, what is -62 - -76703?
76621
In base 3, what is -1112200102120 - 101?
-1112200102221
In base 5, what is -3 - -330224240210?
330224240202
In base 3, what is -120012100112 - -2?
-120012100110
In base 5, what is -342234331 + -32?
-342234413
In base 6, what is 23154125414 + -4?
23154125410
In base 10, what is 30 + 11546506?
11546536
In base 5, what is -111124 + -23411?
-140040
In base 4, what is 211210 - -222333311?
223211121
In base 16, what is c1bb5 - -c9?
c1c7e
In base 4, what is -301222 - -2002211?
1100323
In base 5, what is 402000 + -1000041?
-43041
In base 13, what is b + 5341074?
5341082
In base 16, what is -72211 - -3e?
-721d3
In base 2, what is -1010 - 10110010000110011001001?
-10110010000110011010011
In base 10, what is -4482 - -28772?
24290
In base 15, what is acc85 - 69?
acc1b
In base 3, what is -1 + 2112111111110201?
2112111111110200
In base 6, what is -4441 + -113141?
-122022
In base 4, what is -12011030212 - 1030?
-12011031302
In base 6, what is 43045401 + -23?
43045334
In base 12, what is 461 - 2380b2?
-237851
In base 9, what is -1074062 - 5?
-1074067
In base 13, what is -4b4 + -298c?
-3173
In base 7, what is -3303333 - 1055?
-3304421
In base 13, what is 5 - -250384b?
2503853
In base 4, what is 1132131312 + 31?
1132132003
In base 14, what is 1 + -7da12?
-7da11
In base 3, what is -110000212200100 - 1001?
-110000212201101
In base 6, what is -141 - -43310204?
43310023
In base 11, what is -34 - -68898?
68864
In base 10, what is 248322947 + -2?
248322945
In base 4, what is -211332121011 + -2?
-211332121013
In base 9, what is -5340572 - -165?
-5340406
In base 6, what is 4531245 + 3513?
4535202
In base 15, what is -b8 + -285e7?
-286b0
In base 8, what is -1140612 - 6?
-1140620
In base 15, what is 528 - -2bb2?
31da
In base 15, what is -136 + e6a71?
e693a
In base 15, what is -4a + 6198?
614d
In base 12, what is 97 + -10aa67?
-10a990
In base 13, what is -665 + -351?
-9b6
In base 8, what is -352 + -271714?
-272266
In base 12, what is 12 + b2b07b?
b2b091
In base 6, what is 303300 + -1501?
301355
In base 8, what is -124003 - -52?
-123731
In base 13, what is 6 - 1171520?
-1171517
In base 2, what is -1111000101001110101001 + -10?
-1111000101001110101011
In base 8, what is -202314 + -4237?
-206553
In base 16, what is -5bf0cd + -f?
-5bf0dc
In base 14, what is 0 + -cc5b2db?
-cc5b2db
In base 11, what is -19583 + -118?
-196a0
In base 9, what is 127762852 - 0?
127762852
In base 7, what is 40 + 1116355?
1116425
In base 11, what is -197 + 38844?
38658
In base 14, what is -24b + -2a7d9?
-2aa46
In base 13, what is -18621 - 5a?
-1867b
In base 6, what is -305402402 + 2?
-305402400
In base 13, what is 101 - -1c6a?
206b
In base 3, what is -1112 - -112221200010?
112221121121
In base 7, what is -1 - 15611234?
-15611235
In base 9, what is 107 - -811616?
811724
In base 12, what is -2 + -76111b?
-761121
In base 8, what is 10 - 130127?
-130117
In base 6, what is -4441 - -4?
-4433
In base 13, what is -3c08 - 1a0b?
-5916
In base 11, what is -66 + 262527a?
2625214
In base 8, what is 33720 - 2125?
31573
In base 8, what is -20226 + 2071?
-16135
In base 4, what is 10 + -11113013113322?
-11113013113312
In base 12, what is 37 - -609658?
609693
In base 16, what is 3ff311 + -6?
3ff30b
In base 13, what is 401 + 125a4?
129a5
In base 15, what is 0 - b53616?
-b53616
In base 11, what is -118787 - -96?
-1186a1
In base 8, what is -160055244 + 7?
-160055235
In base 9, what is 128655 - 1236?
127418
In base 8, what is 672 - -762772?
763664
In base 2, what is -1100001 - -1100011010111010?
1100011001011001
In base 5, what is -14 + 21403403?
21403334
In base 2, what is 10110100 - 100010101100111?
-100010010110011
In base 10, what is 10094730 + 1?
10094731
In base 12, what is -2522 - -418?
-2106
In base 13, what is 16935 - 720?
16215
In base 14, what is -330790d4 - -4?
-330790d0
In base 16, what is d8 + -11e3d?
-11d65
In base 2, what is -1110110 + 10010110101101010111?
10010110101011100001
In base 12, what is -5 + -1a1565b9?
-1a156602
In base 6, what is -24 - -4041305014?
4041304550
In base 6, what is -123 - 1131220?
-1131343
In base 5, what is -101300 + 3131?
-43114
In base 6, what is 5121114 + -1030?
5120044
In base 3, what is 1011012122002120 - 101?
1011012122002012
In base 14, what is -7318279 + -4?
-731827d
In base 5, what is -4 - -134341?
134332
In base 13, what is 